rivative of 73*t**4/24 + 5*t**3/6 + t**2. Let z be s(-5). What is the units digit of (-4)/(-26) - z/26?
4
Let o = 2 - -1. What is the units digit of o?
3
Let s(u) = -u**2 + 5*u - 3. Let z be s(4). Let l(a) = z - 4*a - a + 4*a. What is the units digit of l(0)?
1
Let m(o) = -o**2 + o - 2. Let y be m(0). Let w be (y/2)/((-2)/12). Suppose w*v - 2*v + 3 = h, 5*h = -3*v + 15. What is the units digit of h?
3
What is the tens digit of (-640)/24*12/(-5)?
6
Suppose 0*x - 5*x + 3*s = -70, 0 = -3*x - 5*s + 8. Suppose 15 = 2*u + u. Suppose -u = g - x. What is the units digit of g?
6
Let u(g) = 34*g**2 + 2*g. What is the tens digit of u(1)?
3
Suppose -45 = -5*f + 175. What is the tens digit of f?
4
Let b(l) = l**2 - 2*l + 7. Let m be b(8). Let t = m - 38. What is the units digit of t?
7
What is the units digit of 1*34*(-6 + 7)?
4
Let k(g) be the first derivative of g**2 - 2*g - 2. Let p be k(4). What is the units digit of p/3 + 17/1?
9
Let f(w) be the second derivative of w**3/6 + 4*w**2 + w. Suppose -2*j = i - 3*j - 7, -4*j - 4 = 0. What is the tens digit of f(i)?
1
Let o be 0/((1 - -2)/(-3)). What is the units digit of (-12)/((o + 1)*-1)?
2
Let m(r) = -2*r - 4. Let l be m(-8). Let d(o) = -o**3 + 13*o**2 - 10*o - 1. What is the units digit of d(l)?
3
Suppose -3*n = -50 + 8. What is the tens digit of n?
1
Let y be -1 - -2 - (-4 - -5). Suppose 3*m + 4 - 16 = y. What is the units digit of m?
4
Suppose 0 = 4*u - 2*p + 26, -5*u - 34 = -3*p + 1. Let i be 42/9 - u/(-6). Suppose 4*l - 7 = -i*o - 3, 2*o + 4*l + 4 = 0. What is the units digit of o?
4
Suppose 207 = -6*x + 825. What is the tens digit of x?
0
Suppose 0 = m + 5, -2*v - m = -4*v - 1. What is the units digit of (-1)/(80/(-26) - v)?
3
Let m = 472 + -219. What is the tens digit of m?
5
Let c = -5 + 14. Suppose 0*b - c = -b. What is the units digit of b?
9
Let v(s) be the third derivative of -s**6/120 + s**5/6 + s**4/8 + 4*s**3/3 - 3*s**2. What is the units digit of v(10)?
8
Let z be (2 - 3)*-2 - 12. What is the units digit of ((-36)/z)/((-4)/(-10))?
9
Suppose 5 = -2*b + 3*b. What is the units digit of ((-12)/b)/((-3)/20)?
6
Suppose 3*p - 36 = -2*x, 0*x = 2*p + 2*x - 24. Suppose 0 = -4*f + 6*v - v + p, 0 = -f + 4*v - 8. What is the units digit of f?
8
Let k be (2/(-3))/((-4)/(-780)). Let g = -89 - k. What is the units digit of g?
1
Suppose -83 = 6*z - 7*z. What is the tens digit of z?
8
Let d(p) = -8 + 2 - 5 - 2*p + 3. What is the units digit of d(-6)?
4
Let v be (-28)/(-5) + 12/(-20). Let o(k) = -1 - 3 - k**2 + 8*k - 1. What is the units digit of o(v)?
0
Let i = -4 + 8. Suppose -j + i = 2*a - 4, -2*a + 20 = 4*j. What is the units digit of a?
2
Let r(f) = 60*f**3 + f**2 - f. Let c be r(1). Suppose p - c = 3*w, 3*w - w + 104 = 2*p. What is the units digit of p?
8
Let t(d) = -37*d**3 + 3*d**2 + 2*d. What is the tens digit of t(-1)?
3
Let v(q) = 2*q + 53. Let x be v(0). Suppose -3*r + a = -x, 0 = r - 2*a - a - 23. What is the tens digit of r?
1
Suppose 0 = -3*p + 6*p - 12. Let u(a) = -a**3 + 5*a**2 + a - 3. What is the tens digit of u(p)?
1
Let n(j) = 3*j**2 - j**2 - 4 + 2*j + 1. Let b(a) = 4*a**3 + a + 2. Let i be b(-1). What is the units digit of n(i)?
9
Let z be (2 + 1)/((-2)/10). Let a = z - -34. What is the tens digit of a?
1
Let h(g) = -17*g + 2. What is the units digit of h(-3)?
3
Suppose 3 = -3*v + 9. What is the units digit of 2/(0 - v)*-10?
0
Let n be (-29)/(-5) - (-7)/35. Let c be 3/(-2)*4/(-3). Suppose c*w = -0*w + n. What is the units digit of w?
3
Suppose 6*u - 152 = 2*u. Suppose 5*j - 3*j = u. What is the tens digit of j?
1
Let l = 17 + 87. Suppose 3*z - a + 2*a = -l, -4*z - 152 = 4*a. Let t = -21 - z. What is the units digit of t?
2
Let m(g) = g**3 - 7*g**2 - 16*g + 27. What is the units digit of m(9)?
5
Let c(n) = n**2 - 5*n - 6. Let q be c(6). Let s = 2 - q. Suppose -4 = -3*r + s*r. What is the units digit of r?
4
Suppose 3*l = -3*s - 12, -2*l + 4 = -0*l + 5*s. Let g = l + 11. What is the units digit of g/((2 - 5)/(-3))?
3
Suppose 57*o - 52*o - 1755 = 0. What is the units digit of o?
1
Suppose -2*l = -4 - 0. What is the units digit of (l + 5)/(3/6)?
4
Let w(r) = -r**2 - 6*r - 5. Let p be w(-4). Suppose p*b = 5*f + 21, 0*b = -3*b + 3*f + 21. Suppose b*v - 70 = 2*v. What is the tens digit of v?
1
Suppose -4*x = -4*m - 902 + 114, 3*x + 3*m - 609 = 0. What is the hundreds digit of x?
2
What is the tens digit of 404/12 - 2/(-6)?
3
What is the units digit of (11/3)/(11/165)?
5
Suppose -4*j = 4*w - 5*w - 151, -4*j = -3*w - 157. What is the tens digit of j?
3
Let n = -86 - -141. What is the units digit of n?
5
What is the hundreds digit of (-7 - -7) + -3 + 171 + 1?
1
Suppose -4*c - c = -510. What is the units digit of c?
2
Let f(b) = b**3 + 13*b**2 + 11*b - 12. Let p be f(-12). Suppose -q + 2*x + 6 = -p*x, -3*q + 2*x + 14 = 0. What is the units digit of q?
4
Suppose 5*x + 2 = 12. Suppose -4*c + 113 = -3*g, 0 = x*c + 7*g - 2*g - 37. What is the units digit of c?
6
Let u(i) = -i + 7. Let x be u(7). Let k be (-18)/(-2) - (x - -1). What is the units digit of 66/k + 2/(-8)?
8
Let l(y) = -y + 7. Let n be (-5)/(((-1)/2)/(-1)). Let q = 16 + n. What is the units digit of l(q)?
1
Let n = 46 + -19. What is the units digit of n?
7
What is the tens digit of ((-4)/2 + 39)*1?
3
Suppose 0 = -5*u - 1 + 6. Let c be u*(2 - 0/(-1)). Suppose 4 = 6*g - c*g. What is the units digit of g?
1
Let s(m) = -3*m - 1. Let o be s(-2). Let z = 5 - o. Suppose 3*c + z*c - 30 = 0. What is the units digit of c?
0
Suppose 3*n = -89 + 392. What is the units digit of n?
1
Suppose 0 = -b - 3*w - 0*w + 79, -w = 5*b - 395. What is the units digit of b?
9
Suppose -3*t - 34 = y, -t - 2*t = 5*y + 182. Let q = y - -62. What is the tens digit of q?
2
Suppose -u + 4*u = 57. What is the tens digit of u?
1
Let l(j) = -2 - 5 - 2*j + 0*j. Let o be l(-6). Suppose -o*v - 5*g + 60 = 0, -2*v - g + 12 = -7. What is the units digit of v?
7
Let n(v) = -9*v - 39. What is the units digit of n(-21)?
0
Let z be (1 - 3)/(-6)*12. Suppose -f + 4*f + h = 4, 2*h = -2*f - z. What is the units digit of f?
3
Let x = 12 - 15. What is the tens digit of 856/24 - 1/x?
3
Suppose q + 3*q + 8 = -3*k, 2*q + 2*k = -6. What is the units digit of q?
1
Let d = 11 + -12. Let n = d - -4. Suppose -5*p + 6 = -n*p. What is the units digit of p?
3
Let x(d) = d - 5. Let q be x(7). Suppose q*v - 2 = 2. Suppose n - 18 = -2*u, -3*n - 7 = -v*u + 3. What is the units digit of u?
8
What is the units digit of 15/(-4 + ((-825)/(-102) - 4))?
0
Suppose 5*s = -0*s + 15. Suppose -s*z = -z - 42. What is the tens digit of z?
2
Suppose -13 = -3*a + 347. Suppose -p - a = -5*p. Suppose z = -5*d + 22, 2*d + 5*z + p = 5*d. What is the units digit of d?
5
Let u(c) = -26*c - 2 + 1 + 3 + 74*c. What is the units digit of u(1)?
0
Let y be ((-2)/(-3))/((-1)/9). Let p be 1 - (-1 - (2 - y)). Suppose p - 50 = -5*i. What is the units digit of i?
8
Let n(p) = 2*p**3 - p**2 + 2*p - 1. Let o be n(1). Suppose 0 = -d - 2*f + 4, d - 4*f = 2*d - o. Let s(w) = 2*w - 4. What is the units digit of s(d)?
8
Suppose 5*c - v = 44, -1 = 3*c + v - 21. What is the units digit of 158/c + 2/8?
0
Let b(l) = -5*l - l**3 + 10*l**2 + 0*l**2 + 4 - 2*l**2 - 2*l**2. What is the units digit of b(5)?
4
Suppose c - 3 = -o - o, 4*o - 12 = -4*c. Let q be -5*((c - 1) + -3). Suppose 9 = q*m - 6. What is the units digit of m?
3
Let o(y) = -2*y + 3. Let j(x) = -4 - 2 + 2*x + 4. Let v(s) = -6*j(s) - 7*o(s). What is the units digit of v(8)?
7
Suppose -2*t - 32 = -4*t. Let i = -12 + 18. Let b = t - i. What is the tens digit of b?
1
Suppose 2*l + 6 = -0. Let m(o) = -o**2 + o + 1. Let v be m(l). Let f = 16 + v. What is the units digit of f?
5
Let g(x) = -x**2 - x - 3. Let o be g(0). Let d = -2 + -2. Let z = o - d. What is the units digit of z?
1
Let b = 10 - 6. Suppose 4*r + b*u = -16, 0*u = 3*u + 12. Let l = 8 + r. What is the units digit of l?
8
Suppose -r = 1 - 5. Suppose 0 = 2*a - 5*c - 28, a - r*c = -5*c + 28. What is the units digit of a?
4
Suppose k + 2 = -d, 3*d - 4*k = 19 - 46. What is the units digit of (2/(-6))/(d/15)?
1
What is the tens digit of ((-12)/(-10))/(22/385)?
2
Suppose a = 4, 3*q + 3*a + 4 = 1. Let w(y) = -4*y - 3. What is the units digit of w(q)?
7
Suppose 0 = n - 25 - 0. What is the tens digit of n?
2
Let o = 94 + -62. What is th